
9
What is the thousands digit of 1682421?
2
What is the thousands digit of 474874?
4
What is the hundred thousands digit of 8784776?
7
What is the hundred thousands digit of 41870513?
8
What is the hundred thousands digit of 4764476?
7
What is the thousands digit of 794649?
4
What is the units digit of 24571363?
3
What is the ten thousands digit of 42311?
4
What is the thousands digit of 1715020?
5
What is the hundred thousands digit of 5810218?
8
What is the units digit of 4972217?
7
What is the tens digit of 107485?
8
What is the ten thousands digit of 1021123?
2
What is the ten millions digit of 11727685?
1
What is the units digit of 332172?
2
What is the hundred thousands digit of 3015640?
0
What is the units digit of 234282?
2
What is the ten thousands digit of 978537?
7
What is the ten millions digit of 33877004?
3
What is the tens digit of 459731?
3
What is the hundred thousands digit of 595055?
5
What is the hundred thousands digit of 142107?
1
What is the ten thousands digit of 6943901?
4
What is the tens digit of 1977584?
8
What is the ten thousands digit of 519125?
1
What is the units digit of 2538788?
8
What is the hundreds digit of 408620?
6
What is the hundred thousands digit of 9098901?
0
What is the tens digit of 1169006?
0
What is the tens digit of 11535605?
0
What is the ten millions digit of 10819067?
1
What is the ten thousands digit of 211779?
1
What is the ten thousands digit of 5917934?
1
What is the units digit of 1484988?
8
What is the hundred thousands digit of 234174?
2
What is the thousands digit of 88451?
8
What is the thousands digit of 5047833?
7
What is the hundreds digit of 1017620?
6
What is the ten thousands digit of 7485764?
8
What is the thousands digit of 2016106?
6
What is the hundreds digit of 141877?
8
What is the tens digit of 347878?
7
What is the units digit of 1458156?
6
What is the ten thousands digit of 1321382?
2
What is the millions digit of 1634977?
1
What is the tens digit of 14850994?
9
What is the thousands digit of 132500?
2
What is the thousands digit of 66326?
6
What is the millions digit of 1616458?
1
What is the millions digit of 4323662?
4
What is the hundred thousands digit of 3109696?
1
What is the hundreds digit of 649540?
5
What is the thousands digit of 917751?
7
What is the tens digit of 569766?
6
What is the hundreds digit of 2049625?
6
What is the ten thousands digit of 31725813?
2
What is the ten thousands digit of 790184?
9
What is the hundreds digit of 3153056?
0
What is the hundreds digit of 911880?
8
What is the hundreds digit of 220182?
1
What is the tens digit of 187953?
5
What is the thousands digit of 4474906?
4
What is the hundreds digit of 803292?
2
What is the millions digit of 9034044?
9
What is the thousands digit of 168776?
8
What is the hundred thousands digit of 352720?
3
What is the thousands digit of 2851375?
1
What is the hundreds digit of 9791254?
2
What is the hundreds digit of 30525244?
2
What is the hundreds digit of 948580?
5
What is the hundreds digit of 2365685?
6
What is the thousands digit of 241090?
1
What is the units digit of 183566?
6
What is the tens digit of 18488?
8
What is the tens digit of 910658?
5
What is the thousands digit of 5028117?
8
What is the ten thousands digit of 7799367?
9
What is the millions digit of 1442067?
1
What is the tens digit of 6465559?
5
What is the hundreds digit of 184176?
1
What is the hundreds digit of 6090211?
2
What is the units digit of 740429?
9
What is the units digit of 281451?
1
What is the hundred thousands digit of 2467243?
4
What is the millions digit of 1101881?
1
What is the units digit of 2272519?
9
What is the thousands digit of 65337?
5
What is the millions digit of 1351759?
1
What is the hundreds digit of 1218901?
9
What is the ten thousands digit of 161705?
6
What is the ten thousands digit of 518990?
1
What is the hundreds digit of 23068193?
1
What is the hundreds digit of 4559160?
1
What is the units digit of 8416041?
1
What is the tens digit of 660418?
1
What is the thousands digit of 4929143?
9
What is the thousands digit of 86257?
6
What is the millions digit of 1809229?
1
What is the thousands digit of 6651683?
1
What is the units digit of 1072579?
9
What is the ten thousands digit of 272397?
7
What is the hundreds digit of 318172?
1
What is the hundred thousands digit of 369653?
3
What is the millions digit of 30122065?
0
What is the thousands digit of 16679271?
9
What is the thousands digit of 10959541?
9
What is the millions digit of 1645685?
1
What is the ten thousands digit of 6750246?
5
What is the thousands digit of 390901?
0
What is the millions digit of 1345144?
1
What is the units digit of 112776?
6
What is the hundred thousands digit of 2455095?
4
What is the thousands digit of 167802?
7
What is the millions digit of 7774592?
7
What is the thousands digit of 2520830?
0
What is the units digit of 44166?
6
What is the tens digit of 1677848?
4
What is the millions digit of 6426407?
6
What is the tens digit of 930296?
9
What is the units digit of 119059?
9
What is the tens digit of 4901895?
9
What is the tens digit of 3715409?
0
What is the units digit of 395260?
0
What is the units digit of 178207?
7
What is the units digit of 291353?
3
What is the millions digit of 4484877?
4
What is the units digit of 320065?
5
What is the hundred thousands digit of 10411808?
4
What is the tens digit of 1000576?
7
What is the millions digit of 8406074?
8
What is the hundreds digit of 416580?
5
What is the thousands digit of 386657?
6
What is the tens digit of 8498060?
6
What is the units digit of 8468302?
2
What is the thousands digit of 400837?
0
What is the units digit of 3004433?
3
What is the thousands digit of 165195?
5
What is the hundred thousands digit of 266752?
2
What is the ten thousands digit of 5722768?
2
What is the units digit of 349501?
1
What is the thousands digit of 436647?
6
What is the units digit of 7321020?
0
What is the thousands digit of 467245?
7
What is the ten thousands digit of 32490747?
9
What is the hundreds digit of 188525?
5
What is the millions digit of 15107868?
5
What is the tens digit of 169207?
0
What is the units digit of 328583?
3
What is the hundreds digit of 678318?
3
What is the thousands digit of 250446?
0
What is the hundreds digit of 1291361?
3
What is the thousands digit of 125172?
5
What is the units digit of 45787?
7
What is the millions digit of 7029851?
7
What is the hundreds digit of 546202?
2
What is the ten thousands digit of 624454?
2
What is the ten thousands digit of 159198?
5
What is the ten millions digit of 31827636?
3
What is the tens digit of 779992?
9
What is the hundreds digit of 235336?
3
What is the ten millions digit of 16267452?
1
What is the hundred thousands digit of 187714?
1
What is the units digit of 307823?
3
What is the tens digit of 2080485?
8
What is the hundreds digit of 2142132?
1
What is the ten thousands digit of 2986346?
8
What is the units digit of 1439848?
8
What is the millions digit of 7934516?
7
What is the ten thousands digit of 533650?
3
What is the millions digit of 5357754?
5
What is the hundreds digit of 247981?
9
What is the units digit of 74202?
2
What is the units digit of 11188962?
2
What is the units digit of 13005762?
2
What is the hundreds digit of 12512254?
2
What is the thousands digit of 1340146?
0
What is the millions digit of 1288461?
1
What is the ten thousands digit of 94423?
9
What is the hundred thousands digit of 5322560?
3
What is the millions digit of 1082328?
1
What is the ten thousands digit of 213158?
1
What is the thousands digit of 296171?
6
What is the tens digit of 7907611?
1
What is the thousands digit of 52877?
2
What is the hundred thousands digit of 189412?
1
What is the hundreds digit of 1410532?
5
What is the millions digit of 6899956?
6
What is the hundreds digit of 284289?
2
What is the ten millions digit of 20464435?
2
What is the ten thousands digit of 1536457?
3
What is the tens digit of 4028200?
0
What is the tens digit of 99567?
6
What is the tens digit of 29866953?
5
What is the thousands digit of 194293?
4
What is the tens digit of 802665?
6
What is the hundred thousands digit of 583393?
5
What is the ten millions digit of 27372956?
2
What is the units digit o